{"id":572,"date":"2023-05-17T12:17:22","date_gmt":"2023-05-17T15:17:22","guid":{"rendered":"https:\/\/healthplant.com.br\/?post_type=product&#038;p=572"},"modified":"2023-08-08T17:09:06","modified_gmt":"2023-08-08T20:09:06","slug":"acido-hialuronico","status":"publish","type":"product","link":"https:\/\/healthplant.com.br\/index.php\/produto\/acido-hialuronico\/","title":{"rendered":"\u00c1CIDO HIALUR\u00d4NICO"},"content":{"rendered":"","protected":false},"excerpt":{"rendered":"<h2><strong>\u00c1CIDO HIALUR\u00d4NICO<\/strong><\/h2>\n<p><span style=\"font-size: 10pt;\">Auxilia no metabolismo das prote\u00ednas e gorduras.<\/span><br \/>\n<span style=\"font-size: 10pt;\">Auxilia no funcionamento do sistema imune.<\/span><br \/>\n<span style=\"font-size: 10pt;\">Auxilia na prote\u00e7\u00e3o dos danos causados pelos radicais livres.<\/span><br \/>\n<span style=\"font-size: 10pt;\">Aux ilia na forma\u00e7\u00e3o do col\u00e1geno.<\/span><\/p>\n<p><span style=\"font-size: 10pt;\">INGREDIENTES:<\/span><br \/>\n<span style=\"font-size: 10pt;\">Hialuronato de s\u00f3dio obtido pela fermenta\u00e7\u00e3o de Streptococcus zooepidemicus (\u00e1cido hialur\u00f4nico). Excipiente: Silicato de magn\u00e9sio.<\/span><br \/>\n<span style=\"font-size: 10pt;\">Composi\u00e7\u00e3o da c\u00e1psula: Gelatina e umectante glicerina.<\/span><\/p>\n<p><span style=\"font-size: 10pt;\">\u00c1CIDO HIALUR\u00d4NICO ISOLADO, SEM ASSOCIA\u00c7\u00d5ES<\/span><br \/>\n<span style=\"font-size: 10pt;\">N\u00c3O CONT\u00c9M CALORIAS N\u00c3O CONT\u00c9M A\u00c7\u00daCARES<\/span><br \/>\n<span style=\"font-size: 10pt;\">N\u00c3O CONT\u00c9M GL\u00daTEN<\/span><\/p>\n<p><span style=\"font-size: 10pt;\">SUGEST\u00c3O DE USO:<\/span><br \/>\n<span style=\"font-size: 10pt;\">Maiores de 19 anos. Ingerir 2 (duas) c\u00e1psulas ao dia, preferencialmente ap\u00f3s o caf\u00e9 da manh\u00e3.<\/span><\/p>\n<p><img fetchpriority=\"high\" decoding=\"async\" class=\"alignnone wp-image-788 \" src=\"http:\/\/healthplant.com.br\/wp-content\/uploads\/2023\/05\/57c5660b-f483-4535-b1cf-ffd238844513.jpg\" alt=\"\" width=\"379\" height=\"217\" srcset=\"https:\/\/healthplant.com.br\/wp-content\/uploads\/2023\/05\/57c5660b-f483-4535-b1cf-ffd238844513.jpg 878w, https:\/\/healthplant.com.br\/wp-content\/uploads\/2023\/05\/57c5660b-f483-4535-b1cf-ffd238844513-300x172.jpg 300w, https:\/\/healthplant.com.br\/wp-content\/uploads\/2023\/05\/57c5660b-f483-4535-b1cf-ffd238844513-768x440.jpg 768w, https:\/\/healthplant.com.br\/wp-content\/uploads\/2023\/05\/57c5660b-f483-4535-b1cf-ffd238844513-600x344.jpg 600w\" sizes=\"(max-width: 379px) 100vw, 379px\" \/><\/p>\n","protected":false},"featured_media":573,"template":"","meta":[],"product_cat":[22],"product_tag":[],"_links":{"self":[{"href":"https:\/\/healthplant.com.br\/index.php\/wp-json\/wp\/v2\/product\/572"}],"collection":[{"href":"https:\/\/healthplant.com.br\/index.php\/wp-json\/wp\/v2\/product"}],"about":[{"href":"https:\/\/healthplant.com.br\/index.php\/wp-json\/wp\/v2\/types\/product"}],"version-history":[{"count":10,"href":"https:\/\/healthplant.com.br\/index.php\/wp-json\/wp\/v2\/product\/572\/revisions"}],"predecessor-version":[{"id":792,"href":"https:\/\/healthplant.com.br\/index.php\/wp-json\/wp\/v2\/product\/572\/revisions\/792"}],"wp:featuredmedia":[{"embeddable":true,"href":"https:\/\/healthplant.com.br\/index.php\/wp-json\/wp\/v2\/media\/573"}],"wp:attachment":[{"href":"https:\/\/healthplant.com.br\/index.php\/wp-json\/wp\/v2\/media?parent=572"}],"wp:term":[{"taxonomy":"product_cat","embeddable":true,"href":"https:\/\/healthplant.com.br\/index.php\/wp-json\/wp\/v2\/product_cat?post=572"},{"taxonomy":"product_tag","embeddable":true,"href":"https:\/\/healthplant.com.br\/index.php\/wp-json\/wp\/v2\/product_tag?post=572"}],"curies":[{"name":"wp","href":"https:\/\/api.w.org\/{rel}","templated":true}]}}