{"id":566,"date":"2023-05-17T12:15:14","date_gmt":"2023-05-17T15:15:14","guid":{"rendered":"https:\/\/healthplant.com.br\/?post_type=product&#038;p=566"},"modified":"2023-08-08T17:46:44","modified_gmt":"2023-08-08T20:46:44","slug":"glutamina","status":"publish","type":"product","link":"https:\/\/healthplant.com.br\/index.php\/produto\/glutamina\/","title":{"rendered":"GLUTAMINA"},"content":{"rendered":"","protected":false},"excerpt":{"rendered":"<h2><strong>GLUTAMINA 150g<\/strong><\/h2>\n<p><span style=\"font-size: 10pt;\">A Glutamina \u00e9 fonte energ\u00e9tica para processos anab\u00f3licos, estimula a s\u00edntese proteica e promove sensa\u00e7\u00e3o de al\u00edvio muscular ap\u00f3s os exerc\u00edcios f\u00edsicos.<\/span><\/p>\n<p><span style=\"font-size: 10pt;\">INGREDIENTES:<\/span><br \/>\n<span style=\"font-size: 10pt;\">L-Glutamina.<\/span><\/p>\n<p><span style=\"font-size: 10pt;\">N\u00c3O CONT\u00c9M CALORIAS<\/span><br \/>\n<span style=\"font-size: 10pt;\">N\u00c3O CONT\u00c9M GL\u00daTEN<\/span><br \/>\n<span style=\"font-size: 10pt;\">N\u00c3O CONT\u00c9M A\u00c7\u00daCARES<\/span><br \/>\n<span style=\"font-size: 10pt;\">N\u00c3O CONT\u00c9M LACTOSE<\/span><\/p>\n<p><span style=\"font-size: 10pt;\">SUGEST\u00c3O DE USO<\/span><br \/>\n<span style=\"font-size: 10pt;\">Maiores de 19 anos. Adicione 5g (5 dosadores) em 200ml de \u00e1gua ou da bebida de sua preferencia e misture at\u00e9 ficar homog\u00eaneo.<\/span><br \/>\n<span style=\"font-size: 10pt;\">Beba imediatamente ap\u00f3s o preparo. Recomenda-se o uso uma vez ao dia ou conforme orienta\u00e7\u00e3o de nutricionista ou m\u00e9dico.<\/span><\/p>\n<p><img fetchpriority=\"high\" decoding=\"async\" class=\"alignnone wp-image-821 \" src=\"http:\/\/healthplant.com.br\/wp-content\/uploads\/2023\/05\/glutamina.jpg\" alt=\"\" width=\"394\" height=\"226\" srcset=\"https:\/\/healthplant.com.br\/wp-content\/uploads\/2023\/05\/glutamina.jpg 1245w, https:\/\/healthplant.com.br\/wp-content\/uploads\/2023\/05\/glutamina-300x172.jpg 300w, https:\/\/healthplant.com.br\/wp-content\/uploads\/2023\/05\/glutamina-1024x588.jpg 1024w, https:\/\/healthplant.com.br\/wp-content\/uploads\/2023\/05\/glutamina-768x441.jpg 768w, https:\/\/healthplant.com.br\/wp-content\/uploads\/2023\/05\/glutamina-600x345.jpg 600w\" sizes=\"(max-width: 394px) 100vw, 394px\" \/><\/p>\n","protected":false},"featured_media":567,"template":"","meta":[],"product_cat":[22],"product_tag":[],"_links":{"self":[{"href":"https:\/\/healthplant.com.br\/index.php\/wp-json\/wp\/v2\/product\/566"}],"collection":[{"href":"https:\/\/healthplant.com.br\/index.php\/wp-json\/wp\/v2\/product"}],"about":[{"href":"https:\/\/healthplant.com.br\/index.php\/wp-json\/wp\/v2\/types\/product"}],"version-history":[{"count":1,"href":"https:\/\/healthplant.com.br\/index.php\/wp-json\/wp\/v2\/product\/566\/revisions"}],"predecessor-version":[{"id":822,"href":"https:\/\/healthplant.com.br\/index.php\/wp-json\/wp\/v2\/product\/566\/revisions\/822"}],"wp:featuredmedia":[{"embeddable":true,"href":"https:\/\/healthplant.com.br\/index.php\/wp-json\/wp\/v2\/media\/567"}],"wp:attachment":[{"href":"https:\/\/healthplant.com.br\/index.php\/wp-json\/wp\/v2\/media?parent=566"}],"wp:term":[{"taxonomy":"product_cat","embeddable":true,"href":"https:\/\/healthplant.com.br\/index.php\/wp-json\/wp\/v2\/product_cat?post=566"},{"taxonomy":"product_tag","embeddable":true,"href":"https:\/\/healthplant.com.br\/index.php\/wp-json\/wp\/v2\/product_tag?post=566"}],"curies":[{"name":"wp","href":"https:\/\/api.w.org\/{rel}","templated":true}]}}