{"id":560,"date":"2023-05-17T12:12:42","date_gmt":"2023-05-17T15:12:42","guid":{"rendered":"https:\/\/healthplant.com.br\/?post_type=product&#038;p=560"},"modified":"2023-09-29T15:02:52","modified_gmt":"2023-09-29T18:02:52","slug":"oleo-de-primula","status":"publish","type":"product","link":"https:\/\/healthplant.com.br\/index.php\/produto\/oleo-de-primula\/","title":{"rendered":"\u00d3LEO DE PR\u00cdMULA"},"content":{"rendered":"","protected":false},"excerpt":{"rendered":"<h2><strong>\u00d3LEO DE PR\u00cdMULA<\/strong><\/h2>\n<p>INGREDIENTES<br \/>\n\u00d3leo de pr\u00edmula (Oenothera biennis L.). Composi\u00e7\u00e3o da c\u00e1psula: Gelatina, \u00e1gua pu ri fi c ada , e ume c t a n t e gl i c e ri n a . AL\u00c9RGICOS: PODE CONTER SOJA, LEITE, PEIXE,<br \/>\nOVOS, AMENDOIM, AM\u00caNDOA, AVEL\u00c3S, CASTANHA-DE-CAJ\u00da, CASTANHA-DOPAR\u00c1,MACA D\u00c2MIAS , NOZ E S , P EC\u00c3S , P I S TA C H E S , P O N O L I , C A S TA N H A S , CRUST\u00c1CEOS (KRILL E CARANGUEJO), TRIGO, CENTEIO, CEVADA, AVEIA E SUAS ESTIRPES HIBRIDIZADAS E SEUS DERIVADOS. CONT\u00c9M GL\u00daTEN.<\/p>\n<p>SUGEST\u00c3O DE USO<br \/>\nMaiores de 19 anos. Ingerir 7 (sete) c\u00e1psulas ao dia, antes das principais refei\u00e7\u00f5es<\/p>\n<p>&nbsp;<\/p>\n<p><img fetchpriority=\"high\" decoding=\"async\" class=\"alignnone wp-image-861 size-full\" src=\"http:\/\/healthplant.com.br\/wp-content\/uploads\/2023\/05\/Captura-de-tela-2023-09-29-143156.png\" alt=\"\" width=\"534\" height=\"688\" srcset=\"https:\/\/healthplant.com.br\/wp-content\/uploads\/2023\/05\/Captura-de-tela-2023-09-29-143156.png 534w, https:\/\/healthplant.com.br\/wp-content\/uploads\/2023\/05\/Captura-de-tela-2023-09-29-143156-233x300.png 233w\" sizes=\"(max-width: 534px) 100vw, 534px\" \/><\/p>\n","protected":false},"featured_media":561,"template":"","meta":[],"product_cat":[22],"product_tag":[],"_links":{"self":[{"href":"https:\/\/healthplant.com.br\/index.php\/wp-json\/wp\/v2\/product\/560"}],"collection":[{"href":"https:\/\/healthplant.com.br\/index.php\/wp-json\/wp\/v2\/product"}],"about":[{"href":"https:\/\/healthplant.com.br\/index.php\/wp-json\/wp\/v2\/types\/product"}],"version-history":[{"count":2,"href":"https:\/\/healthplant.com.br\/index.php\/wp-json\/wp\/v2\/product\/560\/revisions"}],"predecessor-version":[{"id":907,"href":"https:\/\/healthplant.com.br\/index.php\/wp-json\/wp\/v2\/product\/560\/revisions\/907"}],"wp:featuredmedia":[{"embeddable":true,"href":"https:\/\/healthplant.com.br\/index.php\/wp-json\/wp\/v2\/media\/561"}],"wp:attachment":[{"href":"https:\/\/healthplant.com.br\/index.php\/wp-json\/wp\/v2\/media?parent=560"}],"wp:term":[{"taxonomy":"product_cat","embeddable":true,"href":"https:\/\/healthplant.com.br\/index.php\/wp-json\/wp\/v2\/product_cat?post=560"},{"taxonomy":"product_tag","embeddable":true,"href":"https:\/\/healthplant.com.br\/index.php\/wp-json\/wp\/v2\/product_tag?post=560"}],"curies":[{"name":"wp","href":"https:\/\/api.w.org\/{rel}","templated":true}]}}