{"id":558,"date":"2023-05-17T12:11:54","date_gmt":"2023-05-17T15:11:54","guid":{"rendered":"https:\/\/healthplant.com.br\/?post_type=product&#038;p=558"},"modified":"2023-09-29T15:02:47","modified_gmt":"2023-09-29T18:02:47","slug":"oleo-de-linhaca","status":"publish","type":"product","link":"https:\/\/healthplant.com.br\/index.php\/produto\/oleo-de-linhaca\/","title":{"rendered":"\u00d3LEO DE LINHA\u00c7A"},"content":{"rendered":"","protected":false},"excerpt":{"rendered":"<h2><strong>\u00d3LEO DE LINHA\u00c7A<\/strong><\/h2>\n<p>INGREDIENTES<br \/>\n\u00d3leo de linha\u00e7a. Composi\u00e7\u00e3o da c\u00e1psula: Gelatina, \u00e1gua purificada, e umectante glicerina. CONT\u00c9M GL\u00daTEN. N\u00c3O CONT\u00c9M LACTOSE. AL\u00c9RGICOS: PODE CONTER SOJA, LEITE, PEIXE, OVOS, AMENDOIM, AM\u00caNDOA, AVEL\u00c3S, CASTANHA-DE-CAJ\u00da, CASTANHA-DOPAR\u00c1,MACA D\u00c2MIAS, NOZES, PEC\u00c3S, P I S TA C H E S , P O N O L I , C A S TA N H A S , CRUST\u00c1CEOS (KRILL E CARANGUEJO), TRIGO, CENTEIO, CEVADA, AVEIA E SUAS ESTIRPES HIBRIDIZADAS E SEUS DERIVADOS.<\/p>\n<p>SUGEST\u00c3O DE USO<br \/>\nMaiores de 19 anos. Ingerir 2 (duas) c\u00e1psulas ao dia, antes das principais refei\u00e7\u00f5es.<\/p>\n<p>&nbsp;<\/p>\n<p><img fetchpriority=\"high\" decoding=\"async\" class=\"alignnone wp-image-859 size-full\" src=\"http:\/\/healthplant.com.br\/wp-content\/uploads\/2023\/05\/Captura-de-tela-2023-09-29-143037.png\" alt=\"\" width=\"532\" height=\"642\" srcset=\"https:\/\/healthplant.com.br\/wp-content\/uploads\/2023\/05\/Captura-de-tela-2023-09-29-143037.png 532w, https:\/\/healthplant.com.br\/wp-content\/uploads\/2023\/05\/Captura-de-tela-2023-09-29-143037-249x300.png 249w\" sizes=\"(max-width: 532px) 100vw, 532px\" \/><\/p>\n","protected":false},"featured_media":559,"template":"","meta":[],"product_cat":[22],"product_tag":[],"_links":{"self":[{"href":"https:\/\/healthplant.com.br\/index.php\/wp-json\/wp\/v2\/product\/558"}],"collection":[{"href":"https:\/\/healthplant.com.br\/index.php\/wp-json\/wp\/v2\/product"}],"about":[{"href":"https:\/\/healthplant.com.br\/index.php\/wp-json\/wp\/v2\/types\/product"}],"version-history":[{"count":2,"href":"https:\/\/healthplant.com.br\/index.php\/wp-json\/wp\/v2\/product\/558\/revisions"}],"predecessor-version":[{"id":906,"href":"https:\/\/healthplant.com.br\/index.php\/wp-json\/wp\/v2\/product\/558\/revisions\/906"}],"wp:featuredmedia":[{"embeddable":true,"href":"https:\/\/healthplant.com.br\/index.php\/wp-json\/wp\/v2\/media\/559"}],"wp:attachment":[{"href":"https:\/\/healthplant.com.br\/index.php\/wp-json\/wp\/v2\/media?parent=558"}],"wp:term":[{"taxonomy":"product_cat","embeddable":true,"href":"https:\/\/healthplant.com.br\/index.php\/wp-json\/wp\/v2\/product_cat?post=558"},{"taxonomy":"product_tag","embeddable":true,"href":"https:\/\/healthplant.com.br\/index.php\/wp-json\/wp\/v2\/product_tag?post=558"}],"curies":[{"name":"wp","href":"https:\/\/api.w.org\/{rel}","templated":true}]}}