{"id":556,"date":"2023-05-17T12:10:26","date_gmt":"2023-05-17T15:10:26","guid":{"rendered":"https:\/\/healthplant.com.br\/?post_type=product&#038;p=556"},"modified":"2023-09-29T15:02:43","modified_gmt":"2023-09-29T18:02:43","slug":"oleo-de-cartamo","status":"publish","type":"product","link":"https:\/\/healthplant.com.br\/index.php\/produto\/oleo-de-cartamo\/","title":{"rendered":"\u00d3LEO DE C\u00c1RTAMO"},"content":{"rendered":"","protected":false},"excerpt":{"rendered":"<h2><strong>\u00d3LEO DE C\u00c1RTAMO<\/strong><\/h2>\n<p>INGREDIENTES<br \/>\n\u00d3leo de c\u00e1rtamo (Carthamus tinctorious L.). Composi\u00e7\u00e3o da c\u00e1psula: Gelatina, \u00e1gua purificada, glicerina , \u00f3leo de girassol (Helianthus annuus L.) e agente de massa sorbitol.<\/p>\n<p>SUGEST\u00c3O DE USO<br \/>\nMaiores de 19 anos. Ingerir 5 (cinco) c\u00e1psulas ao dia, junto das principais refei\u00e7\u00f5es, ou conforme orienta\u00e7\u00e3o m\u00e9dica.<\/p>\n<p><img fetchpriority=\"high\" decoding=\"async\" class=\"alignnone wp-image-857 size-full\" src=\"http:\/\/healthplant.com.br\/wp-content\/uploads\/2023\/05\/Captura-de-tela-2023-09-29-142842.png\" alt=\"\" width=\"626\" height=\"766\" srcset=\"https:\/\/healthplant.com.br\/wp-content\/uploads\/2023\/05\/Captura-de-tela-2023-09-29-142842.png 626w, https:\/\/healthplant.com.br\/wp-content\/uploads\/2023\/05\/Captura-de-tela-2023-09-29-142842-245x300.png 245w, https:\/\/healthplant.com.br\/wp-content\/uploads\/2023\/05\/Captura-de-tela-2023-09-29-142842-600x734.png 600w\" sizes=\"(max-width: 626px) 100vw, 626px\" \/><\/p>\n","protected":false},"featured_media":557,"template":"","meta":[],"product_cat":[22],"product_tag":[],"_links":{"self":[{"href":"https:\/\/healthplant.com.br\/index.php\/wp-json\/wp\/v2\/product\/556"}],"collection":[{"href":"https:\/\/healthplant.com.br\/index.php\/wp-json\/wp\/v2\/product"}],"about":[{"href":"https:\/\/healthplant.com.br\/index.php\/wp-json\/wp\/v2\/types\/product"}],"version-history":[{"count":2,"href":"https:\/\/healthplant.com.br\/index.php\/wp-json\/wp\/v2\/product\/556\/revisions"}],"predecessor-version":[{"id":905,"href":"https:\/\/healthplant.com.br\/index.php\/wp-json\/wp\/v2\/product\/556\/revisions\/905"}],"wp:featuredmedia":[{"embeddable":true,"href":"https:\/\/healthplant.com.br\/index.php\/wp-json\/wp\/v2\/media\/557"}],"wp:attachment":[{"href":"https:\/\/healthplant.com.br\/index.php\/wp-json\/wp\/v2\/media?parent=556"}],"wp:term":[{"taxonomy":"product_cat","embeddable":true,"href":"https:\/\/healthplant.com.br\/index.php\/wp-json\/wp\/v2\/product_cat?post=556"},{"taxonomy":"product_tag","embeddable":true,"href":"https:\/\/healthplant.com.br\/index.php\/wp-json\/wp\/v2\/product_tag?post=556"}],"curies":[{"name":"wp","href":"https:\/\/api.w.org\/{rel}","templated":true}]}}