{"id":546,"date":"2023-05-17T12:05:42","date_gmt":"2023-05-17T15:05:42","guid":{"rendered":"https:\/\/healthplant.com.br\/?post_type=product&#038;p=546"},"modified":"2023-09-29T15:05:27","modified_gmt":"2023-09-29T18:05:27","slug":"zma","status":"publish","type":"product","link":"https:\/\/healthplant.com.br\/index.php\/produto\/zma\/","title":{"rendered":"ZMA"},"content":{"rendered":"","protected":false},"excerpt":{"rendered":"<h2><strong>ZMA<\/strong><\/h2>\n<p>O magn\u00e9sio auxilia no me tabolismo de prot e \u00ednas, carboidratos e gorduras.<br \/>\nAuxilia no funcionament o muscular e neuromuscular.<br \/>\nA vitamina B6 auxilia no funcionamento do sistema imune.<br \/>\nO zinco \u00e9 um antioxidante que auxilia na prote\u00e7\u00e3o dos danos causados pelos radicais livres.<\/p>\n<p>INGREDIENTES<br \/>\n\u00c1cido asp\u00e1rtico, bisglicinato de magn\u00e9sio (magn\u00e9sio), bisglicinato de zinco (zinco), cloridrato de piridoxina ( vitamina B6). Excipiente: Silicato de magn\u00e9sio (INS553). Composi\u00e7\u00e3o da c\u00e1psula: Gelatina e umectante glicerina.<\/p>\n<p>SUGEST\u00c3O DE USO<br \/>\nMaiores de 19 anos. Ingerir 2 (duas) c\u00e1psulas ao dia, preferencialmente ap\u00f3s o caf\u00e9 da manh\u00e3 ou se preferir 1 hora antes de dormir.<\/p>\n<p><img fetchpriority=\"high\" decoding=\"async\" class=\"alignnone size-medium wp-image-899\" src=\"http:\/\/healthplant.com.br\/wp-content\/uploads\/2023\/05\/Captura-de-tela-2023-09-29-150018-300x239.png\" alt=\"\" width=\"300\" height=\"239\" srcset=\"https:\/\/healthplant.com.br\/wp-content\/uploads\/2023\/05\/Captura-de-tela-2023-09-29-150018-300x239.png 300w, https:\/\/healthplant.com.br\/wp-content\/uploads\/2023\/05\/Captura-de-tela-2023-09-29-150018.png 413w\" sizes=\"(max-width: 300px) 100vw, 300px\" \/><\/p>\n","protected":false},"featured_media":547,"template":"","meta":[],"product_cat":[22],"product_tag":[],"_links":{"self":[{"href":"https:\/\/healthplant.com.br\/index.php\/wp-json\/wp\/v2\/product\/546"}],"collection":[{"href":"https:\/\/healthplant.com.br\/index.php\/wp-json\/wp\/v2\/product"}],"about":[{"href":"https:\/\/healthplant.com.br\/index.php\/wp-json\/wp\/v2\/types\/product"}],"version-history":[{"count":3,"href":"https:\/\/healthplant.com.br\/index.php\/wp-json\/wp\/v2\/product\/546\/revisions"}],"predecessor-version":[{"id":924,"href":"https:\/\/healthplant.com.br\/index.php\/wp-json\/wp\/v2\/product\/546\/revisions\/924"}],"wp:featuredmedia":[{"embeddable":true,"href":"https:\/\/healthplant.com.br\/index.php\/wp-json\/wp\/v2\/media\/547"}],"wp:attachment":[{"href":"https:\/\/healthplant.com.br\/index.php\/wp-json\/wp\/v2\/media?parent=546"}],"wp:term":[{"taxonomy":"product_cat","embeddable":true,"href":"https:\/\/healthplant.com.br\/index.php\/wp-json\/wp\/v2\/product_cat?post=546"},{"taxonomy":"product_tag","embeddable":true,"href":"https:\/\/healthplant.com.br\/index.php\/wp-json\/wp\/v2\/product_tag?post=546"}],"curies":[{"name":"wp","href":"https:\/\/api.w.org\/{rel}","templated":true}]}}