{"id":508,"date":"2023-05-17T11:51:46","date_gmt":"2023-05-17T14:51:46","guid":{"rendered":"https:\/\/healthplant.com.br\/?post_type=product&#038;p=508"},"modified":"2023-08-08T17:53:54","modified_gmt":"2023-08-08T20:53:54","slug":"help-prost","status":"publish","type":"product","link":"https:\/\/healthplant.com.br\/index.php\/produto\/help-prost\/","title":{"rendered":"HELP PROST"},"content":{"rendered":"","protected":false},"excerpt":{"rendered":"<h2><strong>HELP PROST<\/strong><\/h2>\n<p><span style=\"font-size: 10pt;\">O zinco contribui para a manuten\u00e7\u00e3o do cabelo, da pele e das unhas e auxilia na vis\u00e3o.<\/span><br \/>\n<span style=\"font-size: 10pt;\">A vitamina C auxilia no fortalecimento do sistema imune.<\/span><br \/>\n<span style=\"font-size: 10pt;\">O cobre contribui para a pigmenmta\u00e7\u00e3o do cabelo e da pele.<\/span><br \/>\n<span style=\"font-size: 10pt;\">O cobre auxilia no transporte do ferro no organismo.<\/span><\/p>\n<p><span style=\"font-size: 10pt;\">.<\/span><br \/>\n<span style=\"font-size: 10pt;\">INGREDIENTES:<\/span><br \/>\n<span style=\"font-size: 10pt;\">L i c o p e n o d e t o m a t e , v i t a m i n a C ( \u00e1 c i d o a s c \u00f3 r b i c o ) , c o b r e ( b i s g l i c i n a t o d e<\/span><br \/>\n<span style=\"font-size: 10pt;\">c o b r e ) , z i n c o ( b i s g l i c i n a t o d e z i n c o ) . C o m p o s i \u00e7 \u00e3 o d a c \u00e1 p s u l a : G e l a t i n a e<\/span><br \/>\n<span style=\"font-size: 10pt;\">u m e c t a n t e g l i c e r i n a .<\/span><\/p>\n<p><span style=\"font-size: 10pt;\">N\u00c3O CONT\u00c9M A\u00c7\u00daCARES N\u00c3O CONT\u00c9M CALORIAS<\/span><br \/>\n<span style=\"font-size: 10pt;\">N\u00c3O CONT\u00c9M GL\u00daTEN<\/span><\/p>\n<p><span style=\"font-size: 10pt;\">SUGEST\u00c3O DE USO:<\/span><br \/>\n<span style=\"font-size: 10pt;\">Maiores de 19 anos. Ingerir 2 (duas) c\u00e1psulas ao dia, ou conforme orienta\u00e7\u00e3o de um profissional habilitado.<\/span><\/p>\n<p><img fetchpriority=\"high\" decoding=\"async\" class=\"alignnone wp-image-823 \" src=\"http:\/\/healthplant.com.br\/wp-content\/uploads\/2023\/05\/5d4725fa-bd54-462f-8cdf-e9b0aa2d8a38.jpg\" alt=\"\" width=\"436\" height=\"364\" srcset=\"https:\/\/healthplant.com.br\/wp-content\/uploads\/2023\/05\/5d4725fa-bd54-462f-8cdf-e9b0aa2d8a38.jpg 833w, https:\/\/healthplant.com.br\/wp-content\/uploads\/2023\/05\/5d4725fa-bd54-462f-8cdf-e9b0aa2d8a38-300x251.jpg 300w, https:\/\/healthplant.com.br\/wp-content\/uploads\/2023\/05\/5d4725fa-bd54-462f-8cdf-e9b0aa2d8a38-768x642.jpg 768w, https:\/\/healthplant.com.br\/wp-content\/uploads\/2023\/05\/5d4725fa-bd54-462f-8cdf-e9b0aa2d8a38-600x501.jpg 600w\" sizes=\"(max-width: 436px) 100vw, 436px\" \/><\/p>\n","protected":false},"featured_media":509,"template":"","meta":[],"product_cat":[22],"product_tag":[],"_links":{"self":[{"href":"https:\/\/healthplant.com.br\/index.php\/wp-json\/wp\/v2\/product\/508"}],"collection":[{"href":"https:\/\/healthplant.com.br\/index.php\/wp-json\/wp\/v2\/product"}],"about":[{"href":"https:\/\/healthplant.com.br\/index.php\/wp-json\/wp\/v2\/types\/product"}],"version-history":[{"count":1,"href":"https:\/\/healthplant.com.br\/index.php\/wp-json\/wp\/v2\/product\/508\/revisions"}],"predecessor-version":[{"id":824,"href":"https:\/\/healthplant.com.br\/index.php\/wp-json\/wp\/v2\/product\/508\/revisions\/824"}],"wp:featuredmedia":[{"embeddable":true,"href":"https:\/\/healthplant.com.br\/index.php\/wp-json\/wp\/v2\/media\/509"}],"wp:attachment":[{"href":"https:\/\/healthplant.com.br\/index.php\/wp-json\/wp\/v2\/media?parent=508"}],"wp:term":[{"taxonomy":"product_cat","embeddable":true,"href":"https:\/\/healthplant.com.br\/index.php\/wp-json\/wp\/v2\/product_cat?post=508"},{"taxonomy":"product_tag","embeddable":true,"href":"https:\/\/healthplant.com.br\/index.php\/wp-json\/wp\/v2\/product_tag?post=508"}],"curies":[{"name":"wp","href":"https:\/\/api.w.org\/{rel}","templated":true}]}}